 8*z + 61. What is w(6)?
49
Let u(s) = s**3 - 7*s**2 + 8*s + 8. Calculate u(5).
-2
Let q(f) = f**2 - 23*f + 47. Calculate q(19).
-29
Let r(g) = 5*g + 25. Determine r(-7).
-10
Let c(n) = n**2 - 10*n + 28. Determine c(7).
7
Let k(j) = j**3 + 8*j**2 - 8*j - 7. Give k(-6).
113
Let z(c) = 12*c + 95. Determine z(-11).
-37
Let l(q) = -q - 18. Give l(-6).
-12
Let j(w) = w**2 + 91*w + 875. Calculate j(-11).
-5
Let l(i) = i + 23. What is l(0)?
23
Let k(n) = -n**2 + 21*n + 3. Calculate k(21).
3
Let l(n) = 8*n**2 + 108*n - 67. What is l(-14)?
-11
Let z(y) = -y**3 + 7*y**2 + 12*y - 12. What is z(8)?
20
Let d(t) = 27*t**3 + 2*t**2 - 1. What is d(-1)?
-26
Let h(q) = q**2 + 10*q - 29. What is h(-12)?
-5
Let x(w) = -w**2 - 13*w + 8. What is x(-14)?
-6
Let m(a) = 85*a - 1. Give m(1).
84
Let t(y) = y**3 + 15*y**2 - 14*y - 4. Determine t(-16).
-36
Let v(r) = 53*r - 2. Give v(1).
51
Let y(m) = -m**3 + 2*m**2 + 18*m - 34. Give y(4).
6
Let b(r) = -r**3 - 3*r**2 - r - 5. Calculate b(-4).
15
Let p(l) = -l**3 - 8*l**2 - 5*l + 2. Give p(-6).
-40
Let y(f) = -f**3 + 8*f**2 + 32*f + 3. Give y(11).
-8
Let b(l) = -2*l**2 - 9*l + 12. Calculate b(-5).
7
Let l(w) = w + 21. Determine l(0).
21
Let o(m) = 2*m**2 + 9*m - 20. Calculate o(-7).
15
Let u(z) = z**3 - 8*z**2 + 9*z - 6. Calculate u(7).
8
Let s(n) = n**2 - 7*n + 8. Determine s(12).
68
Let f(u) = u + 4. What is f(-7)?
-3
Let s(z) = -z - 33. Give s(-19).
-14
Let u(f) = f**2 + 2*f - 7. Determine u(3).
8
Let o(m) = -m**3 - 4*m**2 + 13*m + 6. Give o(-5).
-34
Let u(i) = 9*i + 106. Calculate u(-12).
-2
Let d(s) = 2*s**2. Determine d(2).
8
Let u(g) = -13*g + 1. Calculate u(4).
-51
Let v(b) = 50*b - 254. Calculate v(5).
-4
Let y(a) = a + 63. Calculate y(0).
63
Let i(a) = -47*a + 1. Give i(-1).
48
Let y(o) = -15*o**2 + 3*o + 1. Calculate y(-1).
-17
Let d(h) = 5*h + 1. Determine d(1).
6
Let g(d) = -d**3 + d + 1. What is g(0)?
1
Let i(f) = f**2 + 10*f + 23. What is i(-7)?
2
Let w(y) = -y**3 + 12*y**2 + 9*y + 43. Calculate w(13).
-9
Let w(l) = -l**3 + 19*l**2 + 39*l + 33. Give w(21).
-30
Let p(d) = d**2 + 24*d + 28. Determine p(-22).
-16
Let f(x) = -x**2 + 13*x - 1. Calculate f(8).
39
Let s(u) = 2*u**3 - 14*u**2. Calculate s(7).
0
Let i(m) = 6*m + 47. Give i(-18).
-61
Let c(t) = 10*t**2 - 1. What is c(-1)?
9
Let f(n) = -9*n - 90. Determine f(-6).
-36
Let o(t) = 2*t**2 - 3*t - 4. Calculate o(-7).
115
Let m(f) = f**2 + 36*f + 200. Determine m(-8).
-24
Let m(h) = -h**3 + 7*h**2 + 20*h - 13. Give m(9).
5
Let m(k) = -2*k**2 - 9*k - 5. What is m(-7)?
-40
Let i(o) = 2*o**2 - 2*o - 7. What is i(2)?
-3
Let l(c) = -c**2 - 7*c - 2. Calculate l(-5).
8
Let o(x) = -4*x + 32. What is o(7)?
4
Let u(l) = -l**3 + 14*l**2 - 11*l - 2. Calculate u(13).
24
Let p(l) = -l**3 - 11*l**2 + 3*l + 11. Calculate p(-11).
-22
Let g(j) = 8*j**3 + j**2 + 3*j + 1. Calculate g(-2).
-65
Let b(o) = -12*o - 8. What is b(-2)?
16
Let g(f) = f**2 - 3*f - 5. What is g(4)?
-1
Let h(o) = -3*o + 7. What is h(5)?
-8
Let n(m) = m**3 - 23*m**2 + 58*m + 47. Calculate n(20).
7
Let f(w) = 13*w + 2. What is f(6)?
80
Let k(p) = -p**2 - 7*p - 10. Calculate k(-6).
-4
Let n(v) = 4*v + 42. Determine n(-12).
-6
Let i(s) = 11*s + 58. Give i(-3).
25
Let y(l) = l**3 + 2*l**2 - 3*l - 3. Determine y(-2).
3
Let a(b) = -b**3 + 9*b**2 - 5*b - 10. What is a(6)?
68
Let b(k) = -k**3 - 5*k + 5. What is b(0)?
5
Let k(m) = 8*m + 44. Calculate k(-8).
-20
Let y(a) = a**2 - 12*a + 2. What is y(7)?
-33
Let t(w) = -11*w + 87. Determine t(6).
21
Let q(w) = -4*w - 71. What is q(-15)?
-11
Let i(w) = w**2 - 7*w + 4. Give i(6).
-2
Let h(l) = 3*l + 23. Give h(-6).
5
Let o(q) = 2*q**3 - 2*q**2 - 3*q - 4. Give o(3).
23
Let s(q) = 6*q + 3. What is s(-4)?
-21
Let u(s) = -4*s + 5. What is u(4)?
-11
Let s(o) = 2*o**2 - 9*o + 5. What is s(5)?
10
Let r(y) = 3*y**2 + 5*y + 2. Give r(1).
10
Let x(k) = -k**2 + 11*k - 4. Determine x(10).
6
Let m(x) = -5*x**2 - 45*x + 9. What is m(-9)?
9
Let b(h) = h**3 - 9*h**2 - h + 7. Calculate b(6).
-107
Let t(u) = -4*u**2 + 4*u + 1. Determine t(2).
-7
Let w(t) = t**3 - 4*t**2 + 2*t - 5. Calculate w(3).
-8
Let t(a) = a**3 - 16*a**2 + 39*a + 170. Give t(11).
-6
Let v(f) = f**3 + 16*f**2 + 15*f - 10. Determine v(-15).
-10
Let s(k) = 3*k**2 - 34*k - 51. What is s(13)?
14
Let r(m) = m**2 - 8*m + 2. Calculate r(9).
11
Let x(v) = -v**3 - 27*v**2 - 32*v - 131. Give x(-26).
25
Let a(v) = -v - 11. What is a(-12)?
1
Let c(o) = o**3 + 12*o**2 + 8*o + 37. What is c(-12)?
-59
Let s(q) = -2*q**3 - 2*q**2 + 2*q - 3. Determine s(-2).
1
Let a(s) = -s**2 + 43*s - 152. Determine a(39).
4
Let r(n) = -5*n - 10. What is r(-7)?
25
Let h(s) = -39*s + 189. What is h(5)?
-6
Let b(a) = -2*a + 3. Calculate b(7).
-11
Let l(b) = b**2 + 7*b + 1. Calculate l(-6).
-5
Let m(y) = -y + 11. Determine m(8).
3
Let d(f) = f**2 + 2*f + 23. Give d(0).
23
Let f(l) = l**2 - 37*l + 80. Calculate f(35).
10
Let n(m) = m**2 + 6*m - 15. Determine n(-7).
-8
Let g(h) = h**3 - 8*h**2 + 8*h - 4. Determine g(5).
-39
Let m(h) = 45*h + 23. What is m(-2)?
-67
Let t(n) = n**2 + 28*n + 62. Determine t(-25).
-13
Let y(p) = -p**2 - 15*p + 153. Determine y(-22).
-1
Let h(u) = u**2 - u - 1. What is h(0)?
-1
Let m(t) = -5*t - 4. Give m(-4).
16
Let b(y) = -61*y - 361. What is b(-6)?
5
Let u(o) = 2*o**2 + 13*o - 16. Determine u(-8).
8
Let i(m) = -m**2 - 14*m - 18. Give i(-6).
30
Let s(f) = -f**2 + f + 35. What is s(-5)?
5
Let u(p) = p**3 - 7*p**2 + 4*p + 7. What is u(6)?
-5
Let k(d) = d**2 - 5*d. What is k(3)?
-6
Let g(p) = 48*p + 137. Calculate g(-3).
-7
Let v(g) = g**2 + 11*g - 19. Determine v(-13).
7
Let i(n) = -n**3 - n**2 + 21. What is i(0)?
21
Let f(j) = -3*j**3 - 17*j**2 + 8*j + 8. What is f(-6)?
-4
Let g(s) = 9*s - 3. Determine g(-1).
-12
Let o(m) = m**3 - 14*m**2 + 15*m - 21. Calculate o(13).
5
Let r(p) = p + 3. Determine r(-6).
-3
Let c(y) = -y**2 + 11*y - 9. Calculate c(8).
15
Let z(n) = -n**2 + 13*n - 20. Give z(7).
22
Let v(t) = -6*t**2 + 4*t + 4. Give v(-3).
-62
Let q(a) = -a**3 - 2*a**2 - 6*a - 21. Determine q(-4).
35
Let k(l) = 3*l - 16. What is k(11)?
17
Let v(f) = 3*f**2 - f + 1. Determine v(1).
3
Let j(n) = n**3 + 2*n + 2. Determine j(3).
35
Let q(s) = s**3 - 4*s**2 + 8*s - 9. Calculate q(3).
6
Let r(n) = 6*n - 2. Calculate r(1).
4
Let u(q) = -7*q**2 - 32*q + 8. Determine u(-5).
-7
Let j(z) = 4*z + 17. Calculate j(-4).
1
Let a(o) = o**2 - 36*o + 207. Calculate a(7).
4
Let j(c) = -c**3 + 13*c**2 + 31*c - 6. Determine j(15).
9
Let v(z) = 5*z - 45. Give v(8).
-5
Let n(a) = 10*a + 27. What is n(-6)?
-33
Let g(m) = -8*m. Give g(-6).
48
Let c(g) = 4*g - 222. Calculate c(60).
18
Let t(z) = z**3 - 15*z**2 + 26*z - 1. Calculate t(13).
-1
Let p(v) = 10*v**2 + 2*v + 4. Determine p(3).
100
Let v(c) = -2*c**2 - 4*c - 2. Determine v(-2).
-2
Let f(z) = z**3 + 4*z**2 - 4*z - 2. Give f(-5).
-7
Let i(a) = a**3 - 5*a**2 - a + 13. Calculate i(3).
-8
Let t(j) = -4*j + 19. Give t(11).
-25
Let b(i) = -i + 18. What is b(21)?
-3
Let h(v) = 4*v**2 - 4*v - 4. Calculate h(2).
4
Let n(x) = -x**3 - 5*x**2 - 7*x - 10. Determine n(-3).
-7
Let i(v) = v**3 - 3*v**2 - 17*v. Give i(6).
6
Let f(o) = -12*o + 285. Determine f(25).
-15
Let r(l) = -l**3 - 11*l**2 + 3*l + 11. Calculate r(-11).
-22
Let x(c) = -c**3 + 8*c**2 - 9*c - 6. Calculate x(7).
-20
Let a(w) = w**2 - 9*w - 65. What is a(14)?
5
Let t(s) = s + 2. Determine t(10).
12
Let a(p) = p**2 - 25*p - 47. Give a(27).
7
Let k(j) = -14*j + 626. What is k(44)?
10
Let d(f) = -7*f - 113. What is d(-16)?
-1
Let c(a) = -24*a. Calculate c(2).
-48
Let q(l) = l**2 + 31*l - 28. Give q(-30).
-58
Let v(f) = f**2 - 4*f + 3. Give v(3).
0
Let k(w) = 25*w + 39. Give k(-2).
-11
Let h(q) = q**2 - 2*q + 7. Calculate h(0).
7
Let i(f) = f**3 + 20*f**2 + 35*f - 18. Give i(-18).
0
Let m(i) = -i - 16. Calculate m(-15).
-1
Let r(n) = -4*n + 83. Determine r(21).
-1
Let f(v) = v**3 + 2*v**2 + 2*v. Calculate f(-3).
-15
Let w(h) = 11*h**2 + 4*h + 3. Determine w(-3).
90
Let l(f) = 4*f - 12. Calculate l(5).
8
Let f(x) = -x + 43. What is f(7)?
36
Let c(g) = -g + 3. Determine c(-7).
10
Let h(p) = -p**3 + 21*p**2 + 26*p - 13. Determine h(22).
75
Let i(l) = l**2 - 2. Determine i(7).
47
Let c(l) = 2*l**3 - 95*l**2 - 48*l. Give c(48).
0
Let p(s) = -s**2 + 13*s - 23. Give p(12).
-11
Let p(l) = l - 5. What is p(7)?
2
Let k(m) = -3*m**2 + 18*m - 14. Calculat